4. What is f(a)?
-10
Let j(a) = -a + 3 - 4 - 46*a**2 + 44*a**2. What is j(4)?
-37
Let z(d) = d**3 - 11*d**2 + d - 15. Let s be 10*(-8)/(-60)*33/4. Give z(s).
-4
Let w(o) = 2*o + 3. Let p be 1/(55/22*(-2)/(-5)). Let z be (-1)/((-1)/(-7)) + p - 1. Calculate w(z).
-11
Let t(y) be the first derivative of y**3/3 + 5*y**2/2 + 4*y + 635. Suppose -2*s + 5*s = 3. Suppose -8 - s = 3*v. Determine t(v).
-2
Let g(a) be the first derivative of a**3/3 + 2*a**2 + a + 170. Determine g(-2).
-3
Let f(b) = -3 + 7*b**2 - b**3 + 2 - 3 + 8*b + 0*b. Calculate f(8).
-4
Let s(d) be the second derivative of -d**5/20 - 5*d**4/12 + 4*d**3/3 - 5*d**2/2 + 107*d. Give s(-6).
-17
Let z(i) = -7*i**2 - 10*i - 1. Let d(y) = 6*y**2 + 8*y + 1. Let r(m) = -6*d(m) - 5*z(m). Let k = -1 - -5. Calculate r(k).
-9
Let q(t) = 32*t - 66. Let o(s) = 6*s - 13. Let w(k) = 11*o(k) - 2*q(k). Give w(8).
5
Suppose 4*k - 8 = 3*w, -k - 4*k = -4*w - 10. Let h(v) be the first derivative of -v - 1 + 0 + 7*v**2 - 4*v**k. Calculate h(2).
11
Let x(j) = -8*j**2 + 9*j - 48. Let o(z) = 2*z**2 - 2*z + 11. Let d(u) = -26*o(u) - 6*x(u). Suppose 0 = 4*q - 3*f - 7, 0*f - 4*f = 5*q + 30. Give d(q).
-10
Suppose 7*k = 9*k - 10. Let b(z) = -2*z + 15. Let r(s) = s - 10. Let o(x) = k*b(x) + 8*r(x). Calculate o(5).
-15
Let m(y) = y + 17. Let c(l) = -l**3 - l**2 + 10*l + 2. Let k be c(-3). What is m(k)?
7
Let d(c) = -c**2 + 2*c + 2. Suppose 0 = -108*n + 111*n. Give d(n).
2
Let s(h) be the second derivative of 3/2*h**2 + 1/6*h**4 - 17*h + 0 - 1/3*h**3. Determine s(3).
15
Let p(s) = -s - 2. Let v(l) = -9*l**3 + 4*l**2 - 6*l + 3. Let n be v(2). Let i be 2*(n/10 - -4). Calculate p(i).
3
Let j(v) be the first derivative of -1/3*v**3 - 2*v + 4*v**2 - 9. What is j(8)?
-2
Let h = -576 - -552. Let n(v) = v**2 + 24*v - 10. Give n(h).
-10
Let r(d) = -d**2 - d + 9. Suppose -q = 5*l - 5, 0 = -q + l - 2 + 1. What is r(q)?
9
Let g(v) = -v - 6. Suppose -15*s + 12*s + 24 = 0. Let y = s + -16. Give g(y).
2
Let h(i) = -10*i + 17. Let k(g) = -9*g + 14. Let y(d) = -3*h(d) + 4*k(d). Determine y(-5).
35
Suppose 4 = -2*m - 6. Let z(x) = -282 - 6*x - 281 + 1126 - 278 - 279 - x**2. Determine z(m).
11
Let f(v) = 13*v**3 - 13*v**2 - 11*v + 25. Let l(t) = 7*t**3 - 7*t**2 - 6*t + 13. Let c(o) = -6*f(o) + 11*l(o). Let a = 0 + 0. Calculate c(a).
-7
Let p be 8/(-2)*(-5 + 1). Let a be 100/p + 1/(-4). Let r(l) be the third derivative of -l**4/24 + 7*l**3/3 - 23*l**2. What is r(a)?
8
Let f(a) = -21*a**3 + 2*a**2 - 2*a + 2. Let s(r) = -1 + 0*r**3 - 7*r**2 + 11*r**3 - r**2 + 7*r**2 + r. Let p(w) = -4*f(w) - 9*s(w). Determine p(1).
-14
Suppose -2*o + 4*o + 4*u = 28, -5*o + 35 = 3*u. Let c be (6*1)/(o - 6). Let b(s) = -1 + 0*s - 4*s - 2 + 5*s. What is b(c)?
-6
Let q(v) = -4*v**2 - 4*v**3 + 12 + 33*v + 5*v**3 - 34*v - 7*v**2. Let u = -278 + 289. Calculate q(u).
1
Let a(i) = -5*i**3 - 3*i + 2*i**2 + 0 + 1 + 6*i**3 - 4*i**2. Let p = -3 + 6. Give a(p).
1
Let k(y) = -y**3 + 18*y**2 - 66*y + 11. Let u be k(13). Let j(o) = 9*o - 2. Give j(u).
-20
Let n(m) = 15 - 2*m - 2*m**2 + m**3 + 0*m**2 + 2*m**2 - 21 + 7*m**2. What is n(-6)?
42
Let g be ((-4)/(-5))/(12/30). Let c(p) = p + 5*p - 2*p - 7*p**2 + 5*p**g - 3. Let z be -2 + -1*4/(-1). Give c(z).
-3
Let p(h) = 15 - 14*h + 15*h + 0*h. Determine p(-6).
9
Let n(s) = -36*s**3 - s**2. Suppose -24*z + 26*z = 5*g + 9, 0 = -2*g - z. Give n(g).
35
Let i(s) = -2*s**2 + 13*s**2 + 12*s - 10 - 10*s**2. Give i(-12).
-10
Let d(y) be the second derivative of -1/6*y**3 + 1 + 2*y**2 - 24*y. Calculate d(-6).
10
Let s(p) = 6*p - 18. Let m(n) = 2*n - 6. Let u(g) = -16*m(g) + 5*s(g). Determine u(4).
-2
Suppose -2*r + 5 - 1 = 0. Suppose 3*t + 3*j - 1 = -t, -t = -j - r. Let f(g) = -2*g + 3*g**2 + t - 2*g**2 + g. What is f(3)?
7
Let c(n) = -n**2 - 5*n - 4. Let d(v) = -v**2 - 5*v - 3. Suppose -4*g + 1 = 13. Let w(r) = g*c(r) + 4*d(r). Calculate w(-6).
-6
Let h(p) be the first derivative of -p**3/3 + 13*p**2/2 - p + 61. Give h(10).
29
Let j(m) be the third derivative of m**6/720 - m**5/60 - m**4/6 - 2*m**2. Let c(d) be the second derivative of j(d). Calculate c(0).
-2
Let d(j) = j**3 + 7*j**2 + 2*j - 4. Suppose 15 = -4*w + 5*k, -7*k + 8*k + 5 = 0. Let g be (-12)/(-14)*(3 + w). Give d(g).
20
Let b(j) = -j + 17. Let z be b(8). Suppose -5*a + 12 + 8 = 0, -5*g - z = 4*a. Let i(q) = 2*q - 5. What is i(g)?
-15
Let q = 19 + -11. Suppose t - 12 = -q. Suppose -z - t = 3*z. Let n(b) = 7*b**3 + b**2 - b - 1. Give n(z).
-6
Let b(d) = 3*d + 8. Let p = -368 - -359. Determine b(p).
-19
Let r(c) = 47*c - 1. Let t(g) = -56*g + 2. Let p(i) = 6*r(i) + 5*t(i). Give p(-3).
-2
Let r(j) be the second derivative of -j**6/360 + j**5/30 - j**3/3 - 14*j. Let n(b) be the second derivative of r(b). What is n(5)?
-5
Let g(y) = -y - 1. Let q be g(0). Let z be (6 + q)*(0 + 1). Let b(k) = -15147*k + 30273*k + 11 - 15127*k. What is b(z)?
6
Let v(n) = n**3 - 7*n**2 - 9*n - 3. Let w = 128 + -144. Let b be 3 + 3*w/12 - -9. Calculate v(b).
-11
Let s(i) = -159 + 81 + 68 - 5*i + 2*i. What is s(-6)?
8
Let f(z) = -18 + 7 + 12 - 3*z. Determine f(-2).
7
Let y(k) = k**2 + 2*k + 1. Let q be ((-1)/((-1)/2))/(-2). What is y(q)?
0
Suppose 29*g + 9 = 32*g. Let z(u) be the second derivative of -1/2*u**g + 0 - 1/2*u**2 + 3*u. Determine z(-1).
2
Let t(x) = 6*x - 6. Let v be 2/6*-1 - (-221)/51. Calculate t(v).
18
Let o be 93/(-248) - (-27)/8. Suppose o = 2*f - x + 20, 40 = -4*f - 4*x. Let s(d) be the third derivative of d**5/60 + 5*d**4/12 + d**3 + d**2. Determine s(f).
-3
Let p be (48/(-6))/(-8)*13. Let w(c) = c - 9. Calculate w(p).
4
Let g = 20 - 15. Let a(l) = l. Let p be a(3). Let f(s) = s - g*s**2 + 6*s**2 + 2 - p. What is f(-2)?
1
Let r(v) be the third derivative of v**5/60 + v**4/24 - v**3/6 + v**2. Let t(o) = 7*o**2 + o + 2. Let u be t(-2). Let w = u - 31. Calculate r(w).
5
Let u(z) = z**3 + 3*z**2 - 6*z - 1. Suppose 12*g - 48 = -96. Give u(g).
7
Let y(a) be the second derivative of a**6/240 + a**5/120 - 31*a**4/12 - 38*a. Let d(b) be the third derivative of y(b). Determine d(1).
4
Suppose 0 = 2*i - i + 3*s + 5, 0 = -i + 4*s + 16. Let a(z) be the third derivative of 0 + 1/60*z**5 - 1/12*z**4 + 5/6*z**3 + 0*z - 19*z**2. Calculate a(i).
13
Suppose 5*f = 19 + 31. Let a(s) = -s**2 + 10*s + 1. Determine a(f).
1
Let b(q) = 45*q + 39. Let z(j) = -37*j - 37. Let v(u) = 5*b(u) + 6*z(u). Determine v(9).
0
Suppose 0 = h + 2*h - 6. Suppose 0 = -7*k - h*k - 9. Let q(n) = n - 5*n + 1 + 2*n. Determine q(k).
3
Let q = 6 - 9. Let b(f) = -2*f**2 + 3*f - 5. Let t(g) = -3*g**2 + 5*g - 8. Let y = 18 - 13. Let h(k) = y*t(k) - 8*b(k). What is h(q)?
6
Let s(j) = 17*j**2 - 5*j - 11. Let g(i) = -6*i**2 + 2*i + 4. Let v(l) = -8*g(l) - 3*s(l). Let r = 6 - 8. Calculate v(r).
-9
Let g(z) = -3*z + 127 - 134 + z. Give g(-9).
11
Let k(m) = 20*m - 31 + 32 + 267*m**2 + m**3 - 288*m**2. Give k(20).
1
Let r(n) be the second derivative of -n**5/20 + n**4/2 - 2*n**3/3 - 3*n**2 - 150*n. What is r(5)?
-1
Let k(a) = -a + 1. Suppose 0*q = -4*q - 3*n + 11, -5*q - 30 = -5*n. Let l(u) = 0*u**2 + u**3 - 4*u**2 + u**2 + 6*u**2 + u. Let p be l(q). Determine k(p).
0
Let j(u) = -u**3 + u + 1. Let k(z) = 3*z**3 - 3*z + 4. Let y(d) = -2*j(d) - k(d). Suppose 2*t - 2*t = -2*t. Determine y(t).
-6
Let l(k) be the first derivative of k**4/4 - 5*k**3/3 - 3*k**2/2 + 4*k + 230. Give l(3).
-23
Let w(l) = -11 + 26 - 8 - 8*l - 15 + 9*l. Determine w(-9).
-17
Let f = -1125 - -1135. Let w(b) be the third derivative of 0 + 2/3*b**3 + 1/24*b**4 + 0*b + 1/120*b**6 - f*b**2 + 1/15*b**5. Determine w(-3).
10
Let x(h) = -1 - 1 - 2312*h**2 + 2304*h**2. What is x(-1)?
-10
Let s(b) = 33*b**3 + 29*b**3 - 4*b + 36*b**3 + 32*b**3 + 10 - 131*b**3 - 7*b**2. Determine s(-6).
-2
Let l(c) be the third derivative of -c**5/60 - c**4/24 + c**3/2 - c**2 - 151. What is l(3)?
-9
Let k(m) be the first derivative of 5*m**2/2 + m - 10. Let y = -38 + 41. Give k(y).
16
Let i(w) be the third derivative of -w**6/120 + w**5/20 - w**4/12 - w**3/6 + 2217*w**2. Suppose -5*p = -0*p - 15. Give i(p).
-7
Let m(f) be the second derivative of -f**4/3 + f**3/6 + f + 57. Give m(1).
-3
Suppose -24*w + 26*w - 10 = 0. Let c(r) = -r**3 - 6*r - 68*r**2 + 74*r**2 + 10 - 3. Calculate c(w).
2
Let h(i) = i**3 - i**2 + i. Suppose 25 - 4 = 7*d. Give h(d).
21
Let i(z) = -3*z**3 - 9*z**2 + 2*z + 1. Let s(j